est common factor of k and l.
18
Let k(n) = n**3 + 34*n**2 + 34*n + 87. Let i be k(-33). Suppose 9*t + i = 15*t. Calculate the highest common divisor of t and 18.
9
Let p(y) = 26*y - 2. Let d be p(1). Let r be (4/40 + 4/10)*88. Let i = d + r. What is the highest common factor of i and 17?
17
Suppose 13*r + 947 = 362. Let x be 162/r*1/(12/(-40)). What is the highest common divisor of 84 and x?
12
Suppose -16*y + 4551 = 1847. Suppose -4*t - f = -y - 119, -3*t - 2*f + 216 = 0. Calculate the highest common divisor of t and 96.
24
Let q = -67651 + 67665. Suppose -2*p = -0*p + 2, -4*d + 3 = 5*p. Let f be (-2)/(-2)*(d - -33). What is the highest common factor of q and f?
7
Let u(a) = -2*a - 3. Let v be u(9). Let y = v + 19. Let o be -1*(3 + y) - -6. What is the highest common divisor of o and 50?
5
Let w(z) = 7*z + 182. Let n be w(-23). Suppose -n*t = 5*v - 16*t - 20, 3*v - 32 = 2*t. What is the highest common divisor of v and 800?
8
Let x be -115*(-616)/(-490)*-7. What is the highest common divisor of x and 32?
4
Let j(x) = x**3 + 8*x**2 + 2*x - 69. Let f be j(-11). Let b = -421 - f. What is the greatest common divisor of b and 66?
33
Suppose -133*y = -1015357 + 74382. Calculate the greatest common factor of 100 and y.
25
Suppose -5*h + 1536 = -2*h. Let o be 3/2*h/12. Let m = -28 + o. What is the greatest common divisor of m and 9?
9
Let g(f) = -111*f + 4883. Let r be g(42). Suppose -3*l + 60 = m - 0*l, -189 = -4*m + 5*l. What is the greatest common divisor of r and m?
17
Suppose -x + u = 3*x - 195, 0 = -x + 3*u + 57. Let m be -8*(1 - (-7)/(-4) - 0). Calculate the highest common factor of x and m.
6
Suppose -13 = 6*l - 37. Let j = 44 - 28. Suppose -3*f + f = -2*k - j, 4*f + 3*k - 4 = 0. Calculate the highest common divisor of l and f.
4
Let b(m) = 433*m - 131. Let s be b(11). What is the highest common factor of s and 24?
24
Let g = -1550 + 1692. What is the highest common divisor of 1562 and g?
142
Suppose -3*l - u - 492 = -7*l, 24 = 6*u. Calculate the greatest common divisor of 3286 and l.
62
Suppose 0 = 4*h - 5*j - 140, -4*h - 2*j - 32 = -5*h. Suppose 2*x - 3*r = 116, -x - 5*r + 5 + h = 0. Calculate the highest common factor of 550 and x.
55
Suppose -1861 = -5*l - 1816, -3*l - 2093 = -5*z. Calculate the highest common factor of z and 689.
53
Let k = -69007 - -69075. Let o = -6 + 414. What is the highest common factor of o and k?
68
Let p = -612 - -617. Suppose 2*g + p*h - 2 = 0, g - 17 + 16 = 3*h. Calculate the greatest common divisor of 72 and g.
1
Let q = 2 + -6. Let p(y) = -y**2 + 39*y + 189. Let m be p(q). Let u(j) = -47*j - 1. Let h be u(-4). What is the highest common divisor of h and m?
17
Suppose 68*x - 114*x = -690. Calculate the highest common factor of x and 1420.
5
Let o be (-60)/7*(5762/(-774) + 12/27). Let a be 4/6 + 43/3. Calculate the greatest common divisor of a and o.
15
Let o = 3337 - 3313. What is the highest common factor of o and 2200?
8
Let m(s) = 34*s + 4701. Let z be m(-93). Calculate the greatest common divisor of z and 1425.
57
Let g(d) = -15*d + 265. Let i be g(6). What is the greatest common factor of 70 and i?
35
Suppose 0 = -j + 4*s - 6, -2*j + 4*j + 3*s - 10 = 0. Suppose j*v = -10, 4*x + 0 = -2*v + 98. Calculate the highest common divisor of x and 117.
9
Let v = 10 + -1. Let n(h) = -19 + 4*h - 172*h**2 + 173*h**2 - 11 + 6*h. Let z be n(-13). What is the highest common factor of v and z?
9
Let s(m) = m**2 - 2*m - 1. Let n be s(5). Let x(b) = 153*b**3 + 6*b**2 + 96*b - 101. Let z be x(1). What is the highest common factor of z and n?
14
Let x be ((2 + -1)*-7)/(5 + -6). Suppose -3*z - m = -4, 2*m + 3*m = -25. Suppose -z*w = -x*w + 108. What is the highest common divisor of w and 135?
27
Suppose 4*a + 286 = -6*r + 3*r, -382 = 4*r + 5*a. Let p = r - -516. What is the highest common divisor of p and 88?
22
Let a(q) = 63*q**3 + 3*q**2 + 15*q - 43. Let m be a(4). Calculate the greatest common factor of m and 17.
17
Let c(h) = -3*h + 43. Let f be c(10). Let i be (13*1)/(6/66). What is the greatest common divisor of i and f?
13
Suppose -2*p = 3*c - 118, 0 = -3*c + 23*p - 19*p + 142. Suppose 8*v - g - 38 = 6*v, -2*v + 3*g + c = 0. What is the highest common factor of 288 and v?
18
Let q = -62 + 510. Let w = q - 399. What is the greatest common divisor of 196 and w?
49
Suppose -3*y + 128 = 4*m, 150*y + 120 = 4*m + 155*y. What is the greatest common factor of 3913 and m?
7
Let w = 13735 - 12645. Calculate the greatest common divisor of 180 and w.
10
Let r = 60 + -42. Let h(b) = 2*b**2 - 21*b - 20. Let t be h(r). Calculate the greatest common divisor of 20 and t.
10
Suppose 111*l - 11739 = -18*l. Calculate the greatest common divisor of l and 78.
13
Let v = -850 - -858. Suppose -3*w - 2*g + 324 = g, -4*w = -3*g - 404. Calculate the highest common factor of w and v.
8
Let o(k) = k**2 - 11*k - 704. Let f be o(-25). What is the highest common divisor of f and 259?
7
Suppose 6*k - 3150 = 3*d, 4*k + 2*d + 219 = 2335. Calculate the greatest common divisor of 323 and k.
17
Let d be 9/9*7 + (-1037)/(-17). What is the highest common divisor of 8908 and d?
68
Suppose -2*o = -d - 5, -1 = 4*o + 2*d - 7. Let b(v) = -25*v + 56. Let a be b(o). What is the highest common divisor of 6 and a?
6
Let x(h) = -2*h**3 + 25*h**2 - 26*h - 17. Let y be x(11). Suppose y*d = 56*d + 448. Calculate the greatest common factor of 98 and d.
14
Suppose 0 = -5*d + 2*d + 300. Suppose d = o - 2*f, -4*f + 435 = 4*o - 5*f. Suppose 0*k + 44 = 2*k. What is the greatest common factor of k and o?
22
Let o(b) = b**3 + 12*b**2 - 135*b - 1576. Let w be o(-13). Suppose 5*q = 49 + 31. Let g be (30/8)/(6/q). What is the highest common factor of w and g?
10
Let b = -16676 - -16844. Suppose 3*l - 46 = 170. Calculate the highest common divisor of l and b.
24
Let n = -2 + 14. Suppose -2*r = -n - 28. Suppose -3*o = -2*q + 23, -o = -2*q - 2*o + 3. Calculate the greatest common factor of q and r.
4
Suppose 12*u - 11*u - 539 = 0. Suppose -2639 = -15*x - u. What is the highest common factor of 112 and x?
28
Let r(k) = 10*k + 12. Let u be r(5). Let a(h) = -h**2 - 13*h - 9. Suppose -30 + 158 = -16*b. Let l be a(b). Calculate the highest common factor of u and l.
31
Suppose -2 = -v + 433*q - 429*q, 0 = 5*v + 4*q - 106. What is the greatest common divisor of v and 2466?
18
Suppose -5*q = -3*s - 1357, 9*q = 8*q + 2*s + 277. Let u = q - 226. What is the greatest common divisor of 1 and u?
1
Let l = -360 + 378. Let x(y) = y**3 - 17*y**2 - 14*y - 44. Let f be x(l). What is the greatest common factor of 476 and f?
28
Let x = -169 - -182. Let u(r) = 2*r**2 - 26*r + 14. Let t be u(x). Calculate the greatest common divisor of 42 and t.
14
Let a = 6 + 24. Let m(c) = -2*c**3 - 22*c**2 - 22*c - 12. Let t be m(-10). Suppose -3*j - t = -68. Calculate the highest common divisor of j and a.
10
Suppose 2*j + 4*l - 13 - 11 = 0, 4*l + 48 = 7*j. Calculate the highest common factor of 1096 and j.
8
Suppose 5*d - 437 = 513. Suppose 8105 + 28983 = 245*q - q. Calculate the greatest common factor of q and d.
38
Suppose -3*o + 25 = s, -7*s + 225 = -2*s - 5*o. Let x be ((-74)/4)/((-21)/42). Suppose x = 5*z + 12. Calculate the greatest common divisor of s and z.
5
Suppose 3*a - 2 = a, 2*a = 5*p - 18. Suppose p = 4*h, -2*h + 46 = 2*z + 14. What is the greatest common factor of 135 and z?
15
Suppose -40*d = 107*d - 263 - 1942. What is the greatest common factor of 243 and d?
3
Suppose 4*p + p = 40. Suppose 0 = -d + 4*o - 13, -10 = 2*o - 4*o. Suppose -d = z - 2*g + 5*g, 3*g = 3*z - 39. What is the highest common divisor of z and p?
8
Let t be (2 - (82 - -2)/1)/((-4)/2). Suppose 36*z = 42*z - 7872. Calculate the highest common factor of z and t.
41
Let c be (-21 - -1698)*(-2 + 3)*1. Calculate the greatest common divisor of c and 39.
39
Let l(r) = -r**3 + 16*r**2 - 3*r + 30. Let n be l(16). Let q = 13 + n. Let u be 0 + (-20)/q + 1. What is the greatest common divisor of u and 5?
5
Suppose -79 = -z + 4*m + m, -2*z - 3*m + 93 = 0. Let h = -3 + 12. Let v be 3*6*(11 - h). What is the highest common factor of v and z?
18
Suppose -2*v = w + 1679, 3*v - 4199 = 8*v + 3*w. Let t = v + 1204. What is the greatest common factor of 6 and t?
6
Let v = 133 - 214. Let q = v + 89. What is the highest common divisor of q and 1?
1
Sup